2) + (-49)/(-49) composite?
False
Suppose 24 = 7*k - 4*k. Let g = k - -285. Is g a composite number?
False
Let n(o) = o**3 + 3*o**2 - 8*o - 3. Let d be n(-5). Let i = d + 92. Is i prime?
True
Suppose -4*w - 3*n + 294 = -2*n, 3*w + 2*n - 223 = 0. Suppose -v = 4*t - w, 3*v + 3*t + 113 = 5*v. Let h = v + 106. Is h prime?
True
Suppose 8*r - 5705 = r. Suppose 3*s - r = -2*s. Is s composite?
False
Let x(i) = 89*i + 158. Is x(13) a composite number?
True
Suppose 2*w = -2*w + 1076. Let u = w + -178. Is u composite?
True
Is ((-4734)/(-54))/(3/(29 + -2)) a composite number?
True
Let k be 126 + -1*(0 - 0). Suppose 4*l = y - 18, -y - 4*y = -2*l - 18. Is y/(-3)*k/(-12) a composite number?
False
Let f(g) = g**2 + 10*g - 16. Let q be f(2). Suppose -q*r = -5*r - 9327. Is r composite?
False
Is (-926 + -9 + -2)/(-1) a composite number?
False
Suppose 0 = 5*d - 0*d - 53620. Suppose 4*k - 3*j - d = 0, -4*k + k - 5*j = -8043. Is k a prime number?
False
Suppose -369 - 849 = -2*g. Suppose 6*o = -o + g. Is o prime?
False
Suppose -f + 2*f + 8 = 0. Is (2/(f/(-59)))/((-7)/(-28)) a prime number?
True
Let x = -121 - -621. Let h = -183 + x. Is h a composite number?
False
Suppose 2*l - 5 = -r + l, -5*r = -2*l - 25. Suppose -4*n + 17 = -r*n. Let h(k) = k**2 + 5*k + 11. Is h(n) composite?
True
Let g = -4 - -6. Suppose 1553 = 4*u - 5*n, 107 = -g*u - 3*n + 856. Is u a composite number?
True
Let i = -12 + 18. Let n = i + -1. Suppose 3*j - 221 = -n*s + 257, -4*s + 385 = 5*j. Is s a prime number?
False
Let b(u) = 1876*u - 37. Is b(8) a prime number?
False
Let g be (-2)/20*-25 - 1/(-2). Suppose -2*d = 4*m - 2082, -7*m + g*m + 2080 = 4*d. Is m a composite number?
False
Is (-102)/(-170) - (-1 - (-48594)/(-10)) composite?
False
Suppose -100 = 5*x - 0*x. Suppose -5*l = -f + 3, 0 = 3*f + l + 6 - 15. Is 326*(x/8 + f) a prime number?
True
Suppose -4*y - 315 - 4853 = 0. Let l = y + 2833. Is l prime?
False
Suppose 0 = 177*a - 173*a - 5272. Suppose -k - 1649 = -6*k - 2*j, a = 4*k + 2*j. Is k composite?
False
Let s(o) = 16*o**2 - 49*o + 94. Is s(21) a composite number?
False
Let y be (-6)/(-4) + 1/2. Suppose y*b - 3*i + 8 = 0, 2*i + 6 = 5*b + i. Suppose b*d - 7*d = n - 1467, -2*d + 580 = -3*n. Is d a prime number?
True
Let l(d) = -173*d**3 + 11*d - 25. Is l(-8) prime?
True
Suppose -4*x = -4*l + 40312, -l + 6*x - x = -10066. Is l a prime number?
False
Let q(p) = -3*p**2 - 4*p + 8. Let g(f) = -4*f**2 - 4*f + 8. Let r(u) = 2*g(u) - 3*q(u). Let c be r(-6). Is -4*c/(-48)*633 a prime number?
True
Suppose -6*t + 14*t - 5032 = 0. Is t composite?
True
Let l be 42/6*4/14. Suppose l*m = 4*m - 436. Let x = m + 75. Is x composite?
False
Let d = 8984 - 6151. Is d a prime number?
True
Suppose 2*j + s + 404 = 2*s, 3*j = 3*s - 612. Let w = 13 + j. Is 1*w*-1 + 0 a prime number?
False
Let g = 32 + -20. Let j = g - 9. Suppose 2*a = -j*a + 355. Is a a prime number?
True
Let h(l) = -42*l**2 - 6*l + 26. Let c(i) = -14*i**2 - 2*i + 9. Let p(r) = 11*c(r) - 4*h(r). Is p(3) prime?
True
Let m(b) = 74*b - 5 + 124*b + 11*b. Let l be m(3). Let z = 1067 - l. Is z prime?
False
Suppose -2*d - 3*n + 3613 = -6*n, 9064 = 5*d + 3*n. Is d prime?
True
Let x(o) = -929*o**3 + 8*o**2 - 1. Is x(-2) prime?
False
Suppose -4*f = -12804 - 10708. Is (-5 - (-36)/6)/(2/f) a prime number?
True
Suppose 192*n - 185*n - 47383 = 0. Is n prime?
False
Suppose 24 + 6 = 3*g. Suppose -22 + g = -3*f. Suppose 2*k + 17 = l, -2*l - 5 = 3*k - f. Is l a composite number?
False
Suppose 2*a - 6970 = -2048. Is a a composite number?
True
Let i(s) = -4*s - 12. Let q be i(-4). Suppose c - 1168 = -5*g, 0*g = -q*c - g + 4767. Is c composite?
False
Is 2 + (-3 - 46257)/(-4) a composite number?
True
Suppose -38 - 20 = -2*a. Let x be ((-72)/(-30))/(-3) + 294/5. Let q = a + x. Is q a composite number?
True
Let z = -6 - -8. Let r(c) = 32*c**3 + 2*c**2 + c. Let s be r(z). Suppose v = s - 55. Is v composite?
False
Is 146295/135*3/1 a prime number?
True
Is 5007/5*(-3 - -8) a prime number?
False
Let i(y) = y**3 + 15*y**2 - 7*y - 8. Suppose 0*j + 30 = t - 2*j, -3*j - 35 = -t. Let m be (6 - t) + 2 + -3. Is i(m) prime?
True
Let c = 37483 - 62111. Is c/(-12) + 0 - 8/(-12) prime?
True
Is (-3216027)/(-69) + 10/(-115) composite?
True
Let n = -1 + 4. Let j(h) = -h**2 + 106. Let m be j(0). Suppose -n*k + m = -11. Is k a prime number?
False
Suppose -5*z = -5, -c + 4*z = 3*c - 23640. Is c prime?
False
Suppose -17*q = -48*q + 5677681. Is q a prime number?
True
Suppose 2*v + 5*p - p + 32 = 0, 4*p = -4*v - 44. Let d be (2 - 66)*(v - -2). Suppose 163 = l - d. Is l composite?
False
Is 92862/55 + 15/25 composite?
True
Suppose 3*h = f - 105 - 44, 3*f - 477 = 3*h. Let p = -61 + f. Is p a composite number?
False
Let p = 21 + -17. Suppose -d = p*d - 70. Suppose w = k - 59, -2*w - 278 - d = -5*k. Is k composite?
True
Suppose -4*g + 2 = -2*i, 0*g + 4*i = -3*g + 7. Suppose -4 = -m - g. Suppose 4*n + 1349 = m*w, -7*w - 4*n = -2*w - 2195. Is w prime?
True
Let f = -7987 + 18356. Is f a composite number?
False
Let x = 404 + -43. Suppose -2*q = -0*q - 2*k + 358, 2*q = 5*k - x. Let f = q + 381. Is f prime?
False
Let h(d) = 2673*d**3 - 9*d + 13. Is h(2) a composite number?
False
Let q = -96 + 102. Is q/24 + 47313/12 a prime number?
True
Let a be (-1)/(2/2 + 0/1). Is 237/((-12)/(-3) - (2 - a)) a composite number?
True
Suppose 43*b = 46*b + 10254. Is (b/8)/(1/(-4)) a prime number?
True
Let l(n) = 155*n**2 + 3*n + 13. Is l(-3) composite?
False
Suppose -4*d = 2*k - 41278, 4*d = -5*k - 0*d + 103183. Is k a composite number?
True
Let u = 42222 + 32789. Is u composite?
False
Let w(q) = 357*q - 14. Let b(y) = -357*y + 13. Let i(d) = 6*b(d) + 5*w(d). Is i(-3) composite?
True
Let f(p) = 21*p**2 + 5*p + 11. Let a(n) = n**3 + 7*n**2 + 6*n - 6. Let g be a(-6). Is f(g) prime?
False
Let a(t) = -27085*t + 788. Is a(-3) prime?
False
Suppose -487*b - 63310 = -497*b. Is b prime?
False
Suppose 3*n - 3*p - 57435 = -18939, -5*p = 25. Is n a prime number?
False
Let l(i) = i**3 - 4*i**2 + 5*i - 3. Let h be l(3). Suppose 0 = 4*v - h*c - 4771, 3*c = -3*v + 4086 - 492. Is v a prime number?
False
Let y(a) be the first derivative of 20*a**3/3 + 3*a**2/2 - 30*a + 15. Is y(7) prime?
True
Let a(c) = c**3 + 8*c**2 - 17*c + 14. Let o be a(-10). Is (-4 - o*14) + 6/2 composite?
False
Let j(s) = s**2 - 5*s + 2. Let a be j(5). Suppose 3*b + 90 = -a*b. Is 1429/9 + b/(-81) prime?
False
Let q(g) = 1176*g + 101. Is q(5) prime?
True
Suppose -275695 = -5*l + 5*z, 27749 = l - 5*z - 27390. Is l composite?
True
Suppose -2*m = -28462 - 37752. Is m prime?
True
Is (-3 - -2)/(2/(-64966)) a composite number?
True
Suppose 0 = -2*z + 3*b - 4*b + 1225, -b = z - 611. Is z prime?
False
Suppose 15*p + 10 - 70 = 0. Suppose -3128 = -p*g - 4*q, g - 2*q = 3*q + 812. Is g a prime number?
True
Let h = -1 - 1. Let n(t) = 33*t**2 + 3*t + 39. Let d(w) = w**2 - 2. Let r(f) = 18*d(f) + n(f). Is r(h) prime?
False
Let s(d) be the first derivative of 121*d**2/2 + 43*d + 24. Is s(6) a prime number?
True
Let i(u) = -2*u**3 - 30*u**2 + 3*u + 24. Is i(-23) a composite number?
False
Let k(f) = 416*f + 55. Let t be k(9). Suppose t = p + v - 4*v, -5*p = -5*v - 18955. Is p prime?
False
Suppose -3*j + 4*f + 38090 = -f, 0 = 4*j + 3*f - 50777. Suppose -5928 = -11*a + j. Is a a composite number?
False
Let g(v) = -v + 9 + 4 + 0 - 3. Let z be g(7). Suppose 8*y - 2425 = z*y. Is y a composite number?
True
Let b be (-15186)/(12/(-4)) + -1. Suppose -5*i - f + 6290 = 0, -i - 3*i = -5*f - b. Is i a prime number?
True
Suppose -2*f = -8*f + 15378. Is f composite?
True
Suppose -i = 2*i + 162. Let v = i - -133. Is v a prime number?
True
Let q = -40 - -23. Let d = -19 - q. Is -1 + 87 - (1 - d) a composite number?
False
Let z(b) = -b**3 - 2*b**2 + 177. Let i = 55 - 55. Is z(i) prime?
False
Suppose -c = -6*c - 2*q + 44875, 0 = 2*c + 2*q - 17944. Is c composite?
True
Let u be 13*(258 + (3 - 7)). Suppose -3604 - u = -6*k. Is k a prime number?
True
Let m(d) be the first derivative of d**4/12 - d**3/6 + 11*d**2/2 + 6*d - 6. Let z(j) be the first derivative of m(j). Is z(9) a composite number?
False
Let d(u) = -u**3 - 2*u**2 + u + 920. Let r be d(0). Let p = 2794 - r. Is p a prime number?
False
Let w(v) be the first derivative of -v**4/4 - 7*v**3/3 + 9*v**2/2 + 8*v + 4. Is w(-9) a composite number?
False